. Let r be d(-2). Suppose r = a - 4*a + 171. Suppose 3*n = z - a, 5*n + 13 = -12. What is the greatest common factor of 6 and z?
6
Suppose 130 = 6*c + 40. What is the highest common divisor of c and 75?
15
Suppose -8*w = -6*w - 32. Calculate the greatest common divisor of 8 and w.
8
Suppose -4*l - 5*o = -225, 5*o - 5 = 4*o. Calculate the greatest common factor of 10 and l.
10
Let x = 11 - 5. Let q be ((-3)/x)/((-2)/28). Suppose 0 = -m + 20 + q. What is the highest common divisor of 18 and m?
9
Suppose -3*d - 6 = -5*v + 4*v, 0 = -d + v. Let r = 32 + -17. Let f = r + d. What is the highest common divisor of 12 and f?
12
Suppose b - 5*b = 20. Let p(a) = a**3 + 6*a**2 - 5. Let q be p(b). Calculate the greatest common factor of 60 and q.
20
Suppose -3*g + 12 = -2*i, 3*i + 4 = g - 0. Let k(w) = w**2 + 5*w - 4. Let o be k(-6). Calculate the greatest common factor of o and g.
2
Let h = -4 + 4. Suppose h*u = u - 21. What is the greatest common divisor of u and 14?
7
Suppose 3*p + i = -15, -2 = -3*i + 7. Let s(q) be the first derivative of -q**2 - 8*q + 1. Let v be s(p). Calculate the greatest common factor of 20 and v.
4
Let y(g) = -g**2 + 9*g + 10. Let v be y(8). Calculate the highest common factor of 2 and v.
2
Let t = 112 + -99. Calculate the highest common factor of 130 and t.
13
Let y(h) = 3*h**2 - 8*h + 11. Let d be y(8). Let v = -27 + d. Calculate the highest common factor of v and 16.
16
Let d(p) = -p**2 + p - 5. Let b be d(0). Let a(q) = q**2 + 4*q + 7. Let w be a(b). Let j be 434/56 - (-2)/8. Calculate the highest common divisor of j and w.
4
Let u = 11 + -7. Suppose 3*a - 3*s = 18, -a + u*a - 11 = -4*s. Suppose -4*n - 4*b = -204, 48 = a*n - b - 189. Calculate the highest common factor of 12 and n.
12
Let h(f) = -3*f**3 - f**2 - 2. Let r be h(-2). Suppose 0*i = 2*i + 4*y - 24, -45 = -2*i + 3*y. What is the greatest common divisor of r and i?
18
Suppose 0 = 2*v - 19 - 11. Calculate the greatest common divisor of v and 75.
15
Let f(l) = 5*l + 3. Let v be f(6). Let h be 42/8 + (-1)/4. Let y(j) = j**3 - 4*j**2 - 3*j + 1. Let r be y(h). Calculate the greatest common factor of r and v.
11
Suppose c + y = -4*c + 57, -4*y + 8 = 0. Calculate the highest common divisor of c and 99.
11
Let b(p) = -96*p**3 - p**2 - 2*p - 1. Let z be b(-1). What is the greatest common factor of 24 and z?
24
Let r be 30*((-28)/(-10) - 2). Suppose -4*d = 2*z - 20, z + 17 = 3*d + 2*z. Let j = 10 - d. What is the highest common factor of j and r?
3
Let w(d) = d**2 - 8*d - 5. Let k be w(10). Calculate the greatest common factor of 15 and k.
15
Let m(w) = w**2 - 11*w. Suppose -3*l = -27 - 6. Let v be m(l). Suppose -f - 20 = -2*d - v*f, 0 = -4*f - 16. Calculate the greatest common divisor of 88 and d.
8
Suppose -5*g + 115 - 25 = q, 5*g - 90 = -5*q. What is the greatest common divisor of 9 and g?
9
Let j = -6 + 6. Suppose b - 5*c - 10 = j, -4*b + 7*c - 3*c = -24. What is the highest common divisor of b and 15?
5
Let o = 21 - 12. Calculate the highest common factor of o and 36.
9
Let i(q) be the third derivative of -49*q**4/24 + q**3/6 - 3*q**2. Let p be i(-1). Let l = 29 - 9. What is the highest common divisor of p and l?
10
Let r = -338 - -496. Suppose -5*k + 12 = -r. Calculate the greatest common factor of k and 17.
17
Suppose 4*o - x = -o + 452, 5*o = -4*x + 442. Calculate the greatest common factor of 36 and o.
18
Let m(x) = -4*x**3 - 9 - 9*x**2 - 4*x**3 + 7*x**3 - 10*x. Let j be m(-8). Let z(q) = -q + 15. Let k be z(j). Calculate the greatest common divisor of 40 and k.
8
Suppose -3*f = v - 1, -3*v - 4 = -2*f - 7*v. Suppose f = -4*p + 6*p - 98. Calculate the highest common divisor of p and 7.
7
Suppose 0 = -j + 3*j - 6. Suppose -2*m = -0*m - j*s, 4*s = -3*m. Suppose t - 48 = -m*t. Calculate the greatest common divisor of t and 6.
6
Let n(i) = -10*i - 2. Let j be n(-1). Calculate the highest common factor of 40 and j.
8
Suppose -10 + 0 = -5*q - r, -3*r = 3*q - 6. Let k be (-189)/(-14) + (-3)/q. Calculate the highest common divisor of k and 6.
6
Let p be 22/(-8) - 1/4. Let j be -14*(4/8 + p). Calculate the highest common factor of j and 5.
5
Suppose -2*w + 3*w - 4 = 0. Let q be -1 + (-3 + 1 - -6). Suppose -4*a = -5 - q. What is the highest common factor of a and w?
2
Suppose 0 = u + 3*g - 17, 3*u + 3*g = -0*g + 21. Suppose 6 = -3*f + u*f. Let p be f/(-45)*3*90. Calculate the highest common factor of 12 and p.
12
Suppose 0*f + 4*f = -i, -1 = i + 5*f. Let u(y) = y**2 + 3*y + 4. Let x be u(i). Calculate the highest common divisor of 16 and x.
16
Suppose -3*b + 27 = 2*i, 2*i = -7*b + 2*b + 41. What is the highest common factor of b and 56?
7
Suppose -3*y - a - 11 = -4*y, -4*a + 61 = 3*y. What is the highest common factor of 3 and y?
3
Let y be 15/(-20) - 23/(-4). What is the greatest common divisor of y and 10?
5
Suppose 2*a = -2*p + 56, -2*a + 3*p + 35 = -2*p. What is the greatest common divisor of 25 and a?
25
Suppose d = -5, -4*d - 8 - 4 = 2*j. Let y = 3 + -2. Calculate the greatest common factor of y and j.
1
Suppose 0 = -2*n - 3*p + 145, -n + 3*p + 106 = 11. Let s = n + 19. What is the greatest common factor of s and 9?
9
Let o be (-6)/4*1 + 546/28. What is the highest common divisor of o and 36?
18
Let c = 42 + -20. What is the greatest common factor of 154 and c?
22
Suppose 0*y + 108 = 4*v + y, 0 = 3*v + 5*y - 64. Calculate the highest common divisor of v and 4.
4
Suppose -2*z = -5*m - 75, 5*m + 5 = -0. What is the greatest common factor of 35 and z?
35
Let h(v) = v**2 + 4*v + 2. Let r be h(-4). Suppose 2*c = r*k - 54, 5*k - 39 = 3*k - 3*c. What is the highest common divisor of 36 and k?
12
Let r(b) = b**2 - 5*b - 10. Suppose 0*i + 24 = 3*i. Let t be r(i). Let p = -9 - -16. What is the highest common factor of p and t?
7
Let y = 119 - 47. Calculate the highest common divisor of 9 and y.
9
Let a(c) = c**2 + 2*c + 10. Let u be a(-5). What is the greatest common divisor of 5 and u?
5
Let d be 2*-2*(-38)/(-8). Let b = d + 35. What is the highest common factor of b and 144?
16
Suppose 0 = 7*i - i - 18. Calculate the greatest common factor of i and 9.
3
Suppose 4*t + 90 = 7*t. Calculate the greatest common divisor of 20 and t.
10
Let b = 10 - 12. Let s be -5 + 4 - (b - 21). What is the highest common factor of s and 2?
2
Suppose 10 = 5*y, 386 - 1393 = -5*m + 4*y. What is the greatest common factor of 29 and m?
29
Suppose -7*n + 2*n = 2275. Let d = -311 - n. What is the greatest common divisor of d and 18?
18
Suppose 0 = v + 5*t - 33, -4*v - 5*t + 81 = 24. What is the highest common divisor of v and 32?
8
Let h = 1 + -5. Let x = 4 - h. Calculate the highest common factor of 72 and x.
8
Suppose 0 = -0*q - q + 121. Let l = 147 - 136. What is the greatest common factor of q and l?
11
Suppose 0 = 4*m - 251 - 145. What is the highest common divisor of m and 11?
11
Suppose 3*j = -a + 4*j + 11, j = -2*a + 7. Let p be 22/6 + (-4)/a. Calculate the greatest common factor of p and 15.
3
Suppose 4*h - h - 8 = -4*z, -5*h + 5 = 5*z. Suppose 0*w = -5*w - z*y + 45, -3*w + 21 = -3*y. Calculate the highest common divisor of 1 and w.
1
Suppose 0 = a - 5*v - 2, 2*a - v - 31 = 9. Let f = a + -3. What is the greatest common divisor of 76 and f?
19
Let t be (4 + -8)/((-2)/28). Calculate the highest common factor of t and 616.
56
Let r be 170/5 + (-1)/(-1). Suppose -2*w - r = -7*w. Let m = -6 + w. Calculate the greatest common divisor of m and 7.
1
Let m(u) be the first derivative of u**4/4 - u**3 - u**2/2 - 3. Let a be m(5). Calculate the highest common divisor of a and 15.
15
Suppose 5*z - 19 = 11. Calculate the greatest common factor of 42 and z.
6
Let w(x) = x**3 - 10*x**2 - 10*x - 5. Let s be w(11). What is the greatest common factor of s and 2?
2
Suppose -4*g + 6 = -5*g + 2*h, 8 = 2*h. Suppose -3*b = -2*b - g. Calculate the highest common factor of 1 and b.
1
Let r be 2/(-1) + 3 + 2. Suppose 39 = 3*l - r. Let u be ((-25)/(-10))/((-1)/(-14)). What is the highest common factor of u and l?
7
Suppose -5*i + 10 = 0, -3*n + 4*i = -0*i - 16. Suppose -q - 96 = q. Let y be (2/(-4))/(2/q). What is the highest common divisor of y and n?
4
Let o(n) = 15*n - 17. Let j be o(3). Calculate the greatest common factor of j and 12.
4
Let i be (-3)/(-6)*(-3 - -3). Suppose 0 = -i*j - j + 189. What is the greatest 